 27. What is g(y)?
13
Let n be (-4)/24 + 122/12. Let b be 6/n*(-1 + 36). Suppose -4*l + d + 9 = 0, -2*l - 6*d + b = -d. Let h(m) = -m**2 - 2*m + 1. Determine h(l).
-14
Let l be (2/4)/((-2)/(-24)). Let g(p) be the first derivative of p**3/6 - 5*p**2/2 - 2*p - 8. Let d(y) be the first derivative of g(y). Determine d(l).
1
Let k(d) = 3*d + 29. Let g be k(-8). Suppose z + r + g = -4*z, z + r + 1 = 0. Let t(h) = -18*h. What is t(z)?
18
Let o(y) be the first derivative of -3*y**2 + 94. What is o(-3)?
18
Let c(s) = 4*s**2 - s + 1. Let d be (-6)/(-4)*60/45. Determine c(d).
15
Let y(g) = g**3 - 2*g + 2. Let l(p) = 2*p**3 - 2*p**2 - 3*p + 3. Let b(q) = 2*l(q) - 3*y(q). Give b(4).
0
Let g(y) = 3*y - 3. Let h be 8*1 + -12*(-10)/(-20). Determine g(h).
3
Let x(v) = -v**3 + 6*v**2 - v + 1. Let f(k) = -k**2 + 8*k - 8. Let u be f(6). Calculate x(u).
29
Let z(p) = -5*p. Let w(c) = -c. Let l(t) = -4*w(t) + z(t). Let y be (24/20)/((-2)/10). Let h be -3 - ((-12)/3 + y). Determine l(h).
-7
Let w(h) be the second derivative of -h**4/12 + 5*h**3/6 - 2*h. Let a = 88 - 30. Let g = -52 + a. What is w(g)?
-6
Let k(t) = 2*t**2 + 12*t. Suppose o + 4*s - 5 = -10, -2*o + 2*s = 10. Determine k(o).
-10
Let r(h) = -h**3 + 4*h**2 + 5*h + 3. Let z = -95 - -120. Suppose o = 6*o - z. What is r(o)?
3
Let g(q) = 19*q**2 - 10*q - 18. Let k(o) = 6*o**2 + o. Let l(j) = g(j) - 3*k(j). Calculate l(14).
-4
Let o(r) = -r**3 - 8*r**2 + 2*r + 10. Suppose 5*m - m = 12. Suppose -d = -m*j + 2, -2*d = 3*j - 5*j + 12. Calculate o(d).
-6
Let u(w) be the second derivative of -w**5/20 + w**4/3 + w**3/6 - 2*w**2 + w. Let q = -20 - -22. Suppose 0 = 5*d + q*d - 21. Give u(d).
8
Let i(y) be the second derivative of -y**3/6 + y**2 - 2*y. Let z = -39 - -43. Let d(w) = 2*w - 1. Let g be d(z). Determine i(g).
-5
Let l(r) = -r**3 - 11*r**2. Suppose -11*h + 87 - 208 = 0. Calculate l(h).
0
Let n(o) = -o - 6. Let p be n(0). Let s(r) be the third derivative of r**6/120 + r**5/12 - r**4/8 + 4*r**3/3 - 169*r**2. Determine s(p).
-10
Let b = 2 + 2. Let s(o) = o**2 - 2*o + 2*o**2 - b*o**2. Let k(c) = -c**3 - 7*c**2 + 15*c + 55. Let j be k(-8). Determine s(j).
1
Let p(w) = w**2 + 11*w - 13. Let l(n) = -2*n**3 - 16*n**2 + 18*n - 9. Let t be l(-9). What is p(t)?
-31
Let b be 1 + 12/(-14) + 44/(-14). Let k(v) = -v**2 - 4*v - 1. Give k(b).
2
Let c(q) = 29 + 9*q - 39 - 6*q. Suppose -5*p + 22 = -13. What is c(p)?
11
Let k(t) = t**3 - 3*t**2 + t + 1. Let c be k(3). Let p = 6 - c. Let d be (-3)/3 + (-6)/p. Let x(m) = -m**2 - 5*m - 6. Determine x(d).
-2
Let l(z) = -z**3 - 6*z**2 + z - 2. Suppose -2*r - 8 = 2*r. Let t(v) = -2*v**2 + v + 4. Let k be t(r). Determine l(k).
-8
Let h(k) = -6*k**2 - 40*k + 12. Let g be h(-7). Let z(x) be the second derivative of x**5/10 - x**3/3 + 3*x. What is z(g)?
-12
Let p(c) = 5*c**3 + 9*c**2 + 9*c + 12. Let b(w) = w**3 + 1. Let y(q) = 4*b(q) - p(q). Let a be -41 + 26 - 3/(-3)*7. Determine y(a).
0
Let r(u) = -6*u**2 - 9*u - 8. Let f be r(-1). Let d(l) = -l**3 - 6*l**2 - 2*l + 7. Determine d(f).
-8
Let r(u) = -3*u**2 + 64*u + 43. Let b be r(22). Let z(g) = 6*g - 2. Calculate z(b).
-8
Let u(d) = d**3 - 6*d**2 + 2*d - 5. Let t be u(6). Let x(c) = -c + 33 + 22 - 47. What is x(t)?
1
Let v = 135 + -58. Let g = -80 + v. Let n(y) = 3*y - 4. Calculate n(g).
-13
Let h(r) be the second derivative of r**4/12 + 11*r**2 - 287*r. Calculate h(0).
22
Let k be ((-80)/2)/(((-36)/8)/9). Let d(b) = k + 70 - 158 - b**2 + 10*b. Calculate d(9).
1
Let j(m) = -2*m**3 + 2*m. Let v(f) = 6*f**3 + 2*f**2 - 9*f + 2. Let c(d) = -4*j(d) - v(d). Suppose -16 = 2*h - 4*t, -3*h - 4*t + 18 = -4*h. Calculate c(h).
8
Let b(x) = x**3 - 8*x**2 - x + 1. Let w(q) = -2*q + q**2 + 7*q**2 + 2*q**2 + 4*q. Let f be w(-1). Determine b(f).
-7
Let v(j) = 1 + 7*j**2 - 12*j**2 + 4*j**2 + 8*j. Determine v(5).
16
Let u(d) = -d**3 + d + 5. Let p(x) = -5*x**3 + 6*x**2 + 2*x + 16. Let o(z) = -p(z) + 4*u(z). What is o(5)?
-11
Let k(i) = 2*i + 5. Let u(g) = 11*g + 30. Let j(c) = 5*k(c) - u(c). Determine j(-2).
-3
Let r(a) = -a + 4. Let n = 7 - 4. Suppose -12*s - 8 = -16*s. Suppose 2*l = -n*t - 4, l + 4*t = s*l - 20. Determine r(l).
0
Let v(z) = 3*z**3 - z + 2. Suppose 29*u + 15*u = -88. What is v(u)?
-20
Let p be (-4)/1 + (5 - 1). Suppose 4 = -4*o - p*o. Let k(j) = -2*j + 5*j**3 + 0*j - 1 + 0*j**3 - 2*j**2. Calculate k(o).
-6
Let w(z) = -z - 11. Suppose 5*o + 15 = 0, -6*o + o - 10 = -v. Calculate w(v).
-6
Let q = -781 + 776. Let h(p) = 5*p + 10. Give h(q).
-15
Let h(x) = -x**3 + 6*x**2 - 3*x - 12. Let d be h(2). Let c(k) = -k**2 - 1. What is c(d)?
-5
Let c(f) be the third derivative of f**5/60 + f**4/4 - 7*f**3/6 - 2*f**2. Let n(g) = -5*g + 3. Let v be n(2). Determine c(v).
0
Let z(m) = -6*m**2 - 2*m - 3. Let p(d) = -2*d**2 - d. Let h(v) = 4*p(v) - z(v). What is h(2)?
-9
Let n(x) = -3*x**3 - 3*x**2 + 2*x - 2. Suppose -32 - 34 = 22*q. Calculate n(q).
46
Let o(g) = g**3 + 5*g**2 - g + 3. Let n be o(-5). Let p(t) = t**2 - 7*t - 17. What is p(n)?
-9
Let x(l) = l**3 + 10*l**2 + 6. Let w = 405 + -415. Determine x(w).
6
Let q be ((-8)/(-5))/(-4*(-6)/(-60)). Suppose 0*g = 5*g - t + 34, 0 = -5*t + 20. Let u be (-1)/3 - q/g. Let n(j) = 6*j**2 + j + 1. Calculate n(u).
6
Let w(y) be the second derivative of y**3/6 + 5*y**2/2 + y - 41. What is w(-4)?
1
Let f(v) be the second derivative of v**3/3 + 5*v**2/2 - 81*v. Determine f(-6).
-7
Let a(k) = k + 13. Let c(h) = h**3 + 6*h**2 + 7*h - 5. Let n be c(-5). Determine a(n).
-2
Let i(u) be the third derivative of -u**4/8 + 19*u**3/6 - 71*u**2 + 2*u. Calculate i(8).
-5
Let z(i) = 5*i + 3. Suppose 6*n + 6 = -3*j + 2*n, -4*j - 3*n = 8. Calculate z(j).
-7
Let v(o) be the third derivative of 0*o - 1/12*o**4 + 0 + 0*o**3 + 8*o**2. Suppose 3*a + 7 = 4. What is v(a)?
2
Let i(a) = a**3 + a**2 - 2. Suppose 11 = -2*x + 3. Let h(v) = -4*v - 2. Let w be h(x). Suppose 5*g = -5*l + 39 - w, 3*g + l - 5 = 0. Calculate i(g).
-2
Let w(o) = -o**2 + o + 1. Let k = -169 - -101. Let z = k + 67. What is w(z)?
-1
Let c(l) = 63 - 19 + 14*l**2 - 34 - l + 4*l**3 - 5*l**3. Calculate c(14).
-4
Let i(a) = 0*a + 4 + 6*a - 7*a - a. Give i(0).
4
Let c(h) = -h. Let m(o) = o**3 - 6*o**2 - 7*o - 7. Suppose -18*d - 35 = -23*d. Let z be m(d). What is c(z)?
7
Let g(j) = -j**3 + 17*j**2 - 2*j + 34. Let t be 1/((-10)/(-4))*(-1530)/(-36). What is g(t)?
0
Let q(t) = -274*t**2 - 277*t**2 + 552*t**2 - 1 + 0 + 5*t. Determine q(5).
49
Let q(l) be the third derivative of -l**4/24 - 3*l**2. Let k be 12/(-4) - -3 - -3. Suppose 3*v + 9 = -k*a, 5*v = -3*a - 3 - 2. Calculate q(v).
-2
Let n be -2*(-3 - 6/(-4)) + -107. Let m = n - -104. Let g(b) = b**3 - b**2 - b + 7. Give g(m).
7
Let f(s) = -s**3 + 6*s**2. Let g be f(6). Let r(d) be the first derivative of d**4/4 - d**3/3 + d**2/2 + 9*d + 232. Determine r(g).
9
Let u be (-2 - -5)/(-9*3/(-36)). Suppose 3*j - 3*x = 6, u*j + 5*x + 3 = 2*j. Let b(o) = -7*o**2 + 1. Give b(j).
-6
Let n(r) = -r. Let s(j) = 3*j - 6. Suppose -5*c + 15 = -0*c. Let f be s(c). What is n(f)?
-3
Let c(w) = -6*w**3 - 14*w**2 + 9*w + 11. Let a(d) = 3*d**3 + 2*d + 14*d**2 - 5*d**2 - 12*d**2 + 2 - 4*d**3. Let b(l) = -11*a(l) + 2*c(l). Calculate b(3).
6
Let b(o) be the first derivative of o**2/2 + 6*o + 194. Give b(16).
22
Let s(p) = 4*p + 3 + 3*p - 6*p. Let l = -2912 - -2912. Calculate s(l).
3
Let n(z) = -4*z**3 - 8*z**2 - 16. Let y(k) = -5*k**3 - 8*k**2 - k - 17. Let g(l) = -6*n(l) + 5*y(l). Determine g(8).
-29
Let w(s) = -s - 3. Let x be w(12). Let k = x - -16. Let h(i) = -k + 4 - 2*i + i**2 - 2*i. What is h(2)?
-1
Suppose -2*c - 3*c = -10. Let z(p) = 3*p - 1. Let a(n) = -n + 1. Suppose 0 = -8*i - 11 - 5. Let k(w) = i*a(w) - z(w). Give k(c).
-3
Let f(o) = -o. Let c(q) = 9 - q - 5 - 4 + 1. Let g(b) = c(b) - 3*f(b). Determine g(-2).
-3
Let u = 5647 + -5656. Let z(s) = 14*s + 30. Let y(p) = 5*p + 10. Let a(w) = 11*y(w) - 4*z(w). Calculate a(u).
-1
Let x(s) = -12*s**2 - s + 11. Let r(c) = 13*c**2 + c - 13. Let t(k) = 6*r(k) + 7*x(k). Suppose 5*d - 2*f + 13 = 0, -d = 4*d + 3*f - 7. Determine t(d).
-6
Let k be -14 + 2/((-2)/(-3)). Let l = k - -20. Suppose l = 3*q - 0. Let v(y) = y**2 - 2*y + 1. Calculate v(q).
4
Let l(d) = 4*d - 2. Let a = 478 + -476. What is l(a)?
6
Let v(o) = -2*o - 15. Suppose -7*n + 32*n + 175 = 0. Give v(n).
-1
Let h(j) be the second derivat